(m) = -8*m**2 - 77*m - 70. Calculate y(-8).
34
Let x(l) = 3*l**3 + 2*l**2 + 16*l + 68. Determine x(-3).
-43
Let b(n) = -n**3 + 9*n**2 + 3522*n - 128. What is b(64)?
0
Let t(w) = -74*w + 477. Determine t(6).
33
Let j(s) = -4*s**2 + 665*s + 5958. Give j(-9).
-351
Let p(a) = -141*a + 1001. Give p(8).
-127
Let a(z) = z**3 - 5*z**2 + 3*z - 7. What is a(3)?
-16
Let x(s) = 386*s + 376. What is x(-1)?
-10
Let m(q) = -4*q - 138. What is m(5)?
-158
Let p(m) = 50*m**2 + 76*m + 1. Determine p(-5).
871
Let c(z) = -10*z + 171. Determine c(4).
131
Let x(a) = -a**2 - 100*a - 31. Calculate x(-99).
68
Let w(v) = -v**3 + 35*v**2 - 71*v - 39. Determine w(33).
-204
Let t(f) = -27*f - 579. Calculate t(-21).
-12
Let y(b) = 12*b**3 - 2125*b**2 + 174*b + 519. Give y(177).
-12
Let l(x) = 87*x + 1130. Calculate l(-13).
-1
Let p(i) = 74*i**2 + 4577*i - 676. What is p(-62)?
6
Let v(d) = 70*d + 602. What is v(-7)?
112
Let m(s) = s**2 - 58*s - 452. Give m(63).
-137
Let t(d) = -d**2 + 266*d + 9534. What is t(-32)?
-2
Let i(a) = -3*a**3 - 22*a**2 - 4*a + 21. Give i(-7).
0
Let r(j) = -16*j**2 - 818*j - 113. Give r(-51).
-11
Let x(r) = -56*r + 2652. Calculate x(49).
-92
Let o(v) = -3*v**3 - 851*v**2 - 564*v + 557. Give o(-283).
-9
Let o(a) = -20*a + 697. Give o(27).
157
Let v(k) = 4*k**3 + 4*k**2 - 71*k - 20. Calculate v(-5).
-65
Let k(b) = -817*b + 105395. What is k(129)?
2
Let y(w) = -110*w + 853. Calculate y(8).
-27
Let s(z) = -z**3 - 16*z**2 - 31*z + 207. Calculate s(-12).
3
Let i(o) = -654*o - 81766. Give i(-125).
-16
Let b(u) = -102*u - 17042. Calculate b(-167).
-8
Let z(u) = u**3 - 15*u**2 + 55*u - 1027. Determine z(16).
109
Let l(n) = -4*n**2 - 10*n - 72. Give l(-5).
-122
Let q(w) = -w**3 - 28*w**2 - 51*w - 728. What is q(-27)?
-80
Let m(h) = -164*h + 253. Calculate m(3).
-239
Let k(b) = -b**2 - 2115*b - 8454. Give k(-4).
-10
Let o(a) = -419*a - 67448. What is o(-161)?
11
Let r(m) = m**2 + 100*m + 2310. Calculate r(-81).
771
Let m(c) = 5*c**3 - 189*c**2 + 146*c + 38. What is m(37)?
-36
Let f(b) = -2*b**3 + 12*b**2 + 65*b - 488. Give f(9).
-389
Let r(b) = 558*b + 45213. Give r(-81).
15
Let h(b) = -b**2 - 194*b - 1118. Give h(-6).
10
Let n(z) = 17*z - 923. Give n(12).
-719
Let k(x) = x**3 - 30*x**2 - 73*x + 38. Determine k(32).
-250
Let q(n) = -2*n**3 + 2*n**2 - 28*n + 113. Calculate q(5).
-227
Let t(q) = -q**3 + 2*q**2 + 75*q + 53. Determine t(8).
269
Let o(z) = -z**2 + 27*z + 355. Determine o(35).
75
Let r(p) = p**2 + 9*p + 37. Determine r(-5).
17
Let m(x) = 24535*x + 147215. What is m(-6)?
5
Let v(u) = -2*u**3 + 6*u**2 - 27*u + 50. Calculate v(2).
4
Let y(z) = -50*z - 871. What is y(-17)?
-21
Let p(f) = 4252*f + 21197. Determine p(-5).
-63
Let z(p) = 2*p**3 + 175*p**2 + 85*p - 196. Determine z(-87).
-22
Let w(h) = h**3 - 15*h**2 + 5*h + 4. Calculate w(14).
-122
Let w(y) = 396*y + 3184. Determine w(-8).
16
Let d(a) = -a**3 + 28*a**2 + 190*a - 65. Calculate d(-6).
19
Let v(x) = x**3 - 13*x**2 - 52*x + 538. Give v(14).
6
Let v(d) = -d**2 + 152*d - 2952. Determine v(23).
15
Let z(j) = 20*j**2 + 4*j + 66. What is z(0)?
66
Let m(d) = -122*d - 549. What is m(-5)?
61
Let r(w) = w**2 - 29*w - 113. What is r(31)?
-51
Let o(m) = 11*m**3 + 124*m**2 + 18*m - 81. Give o(-11).
84
Let m(t) = 23*t + 1433. Calculate m(-60).
53
Let b(z) = 179*z - 143. Give b(1).
36
Let a(g) = 5*g**2 - 519*g + 410. Give a(103).
-2
Let b(l) = -l**3 + 7*l**2 + 146*l - 321. What is b(2)?
-9
Let x(o) = -3*o**3 - 6*o**2 + 4*o - 12. Give x(3).
-135
Let v(l) = -l**2 - 967*l - 7680. Give v(-8).
-8
Let u(o) = 93*o**3 + 6*o**2 - 18*o + 10. Calculate u(2).
742
Let v(d) = 1104*d**3 + 3*d**2 + 18*d + 16. Calculate v(-1).
-1103
Let o(l) = 206*l + 3696. Calculate o(-18).
-12
Let c(u) = u**3 - 7*u**2 - 25*u + 74. Calculate c(-4).
-2
Let h(t) = -t**2 + 18*t + 8617. Give h(103).
-138
Let n(f) = f**2 - 68*f - 3. Give n(68).
-3
Let b(s) = -14*s**2 - 29*s + 49. Give b(-3).
10
Let i(r) = -r**3 - 51*r**2 - 379*r + 25. What is i(-42)?
67
Let r(f) = -154*f - 11230. What is r(-73)?
12
Let t(n) = -n**3 - 20*n**2 + 19*n + 21. What is t(-21)?
63
Let u(z) = -33*z**3 + 1517*z**2 + 47*z - 40. Give u(46).
6
Let z(l) = -80*l**2 - 1037*l + 41. Determine z(-13).
2
Let z(b) = -b**3 + 9*b**2 + 36*b - 251. Give z(10).
9
Let a(s) = -s**3 - 40*s**2 - 232*s + 17. Determine a(-7).
24
Let p(y) = 10*y - 125. Determine p(15).
25
Let x(n) = -n**3 - 7*n**2 + 7. Determine x(-5).
-43
Let s(g) = -8*g**2 - 120*g + 121. Determine s(1).
-7
Let j(c) = -16*c**2 - 2473*c + 1086. Calculate j(-155).
1
Let q(g) = -39325*g - 196613. Determine q(-5).
12
Let l(s) = -s**3 - 16*s**2 + 78*s - 3. What is l(4)?
-11
Let c(x) = 2*x**2 - 28*x - 69. Determine c(16).
-5
Let v(n) = -n**3 + 77*n**2 + 849*n + 1814. Determine v(87).
-13
Let v(l) = -6*l - 69. Determine v(-23).
69
Let a(x) = -4*x**3 - 33*x**2 + 76*x + 647. Give a(-8).
-25
Let m(l) = -2*l**2 - 51*l + 403. Determine m(7).
-52
Let m(v) = -6*v**3 + v**2 - 26*v + 27. Determine m(1).
-4
Let x(k) = 5*k**2 + 119*k + 529. Give x(-14).
-157
Let a(n) = -513*n - 3086. Calculate a(-6).
-8
Let b(f) = 461*f + 2297. Calculate b(-5).
-8
Let s(v) = -v**3 - 114*v**2 - 206*v - 10527. Calculate s(-113).
-18
Let i(q) = 3*q**2 - 39*q - 6. Calculate i(13).
-6
Let q(g) = -g**3 + 42*g**2 - 75*g - 227. Give q(40).
-27
Let r(g) = 66*g - 2423. Calculate r(36).
-47
Let u(l) = l**2 - 53*l + 19. What is u(55)?
129
Let d(f) = f**3 - 40*f**2 - 1364*f + 3. Calculate d(62).
3
Let l(q) = -3*q**2 - 96*q - 252. Calculate l(-32).
-252
Let j(l) = 45*l + 3. Give j(-1).
-42
Let a(s) = -25*s**2 - 143*s + 13. Determine a(-6).
-29
Let i(f) = -748*f + 29915. What is i(40)?
-5
Let j(f) = 3*f**3 + 5*f**2 + 7*f - 38. What is j(6)?
832
Let c(k) = k**2 + 141*k - 1353. What is c(9)?
-3
Let b(p) = -6*p**3 + 20*p**2 + 17*p - 82. What is b(3)?
-13
Let z(s) = 4202*s - 12610. Give z(3).
-4
Let k(c) = 6*c + 39. Determine k(-9).
-15
Let b(d) = -d**3 - 7*d**2 + 210*d + 1043. Give b(-5).
-57
Let o(q) = q**3 - 17*q**2 + 25*q - 29. Determine o(15).
-104
Let q(l) = 2*l**2 - 8*l - 123. What is q(11)?
31
Let u(h) = h**3 - 47*h**2 - 47*h + 2202. What is u(47)?
-7
Let c(f) = f**2 - 67*f - 2905. Give c(97).
5
Let n(l) = -4*l**2 + 326*l. Determine n(0).
0
Let t(o) = o**2 - 30*o + 161. Give t(24).
17
Let s(o) = -486*o + 6818. Calculate s(14).
14
Let t(a) = a**2 + 13*a + 25. Determine t(-16).
73
Let h(s) = 35*s - 234. Calculate h(7).
11
Let a(u) = u**3 - 15*u**2 + 47*u - 139. Determine a(10).
-169
Let l(n) = -n**2 - 102*n + 529. Determine l(5).
-6
Let h(p) = -5*p**3 - 3*p**2 + 8*p - 4. Calculate h(-3).
80
Let u(x) = 13*x**3 - 299*x**2 - x + 22. What is u(23)?
-1
Let i(v) = 3*v**2 + 83*v + 112. Determine i(-24).
-152
Let i(d) = -251*d - 2. Give i(1).
-253
Let f(c) = -37*c + 284. What is f(-20)?
1024
Let h(m) = -2*m**2 + 35*m + 181. Give h(22).
-17
Let w(q) = 7370*q + 110572. What is w(-15)?
22
Let j(c) = -c**3 + 39*c**2 + c - 23. Calculate j(39).
16
Let r(l) = -24*l**2 - 3*l + 1. Calculate r(3).
-224
Let k(d) = d**3 - 10*d**2 - 17*d - 43. What is k(12)?
41
Let w(c) = -15*c - 176. Give w(-12).
4
Let z(d) = 2*d**3 - 80*d - 158. Calculate z(-2).
-14
Let o(w) = 9*w**2 - 112*w + 13. What is o(12)?
-35
Let t(m) = 70*m - 3158. What is t(45)?
-8
Let y(n) = n**3 + 153*n + 154. What is y(-1)?
0
Let f(r) = 3*r**3 + 2*r**2 + 12. Calculate f(-4).
-148
Let x(v) = -v**3 - 3*v**2 - 36. Give x(-5).
14
Let k(l) = -4*l**2 - 79*l - 255. What is k(-4)?
-3
Let w(a) = 2*a**2 + 123*a + 1389. Calculate w(-15).
-6
Let u(c) = -1620*c - 9707. Determine u(-6).
13
Let j(n) = -7*n**3 - n**2 - 6*n - 14. Calculate j(-3).
184
Let k(v) = v**3 + 5*v**2 - 210*v - 20. What is k(-17)?
82
Let j(y) = -y**3 - 27*y**2 - 178*y + 60. Determine j(-12).
36
Let v(q) = -4*q + 5. Give v(-7).
33
Let r(j) = -j**3 + 11*j**2 - 6*j + 23. What is r(10)?
63
Let v(l) = -442*l - 6204. Give v(-14).
-16
Let i(f) = -72*f - 49. What is i(-1)?
23
Let n(o) = o**3 + 12*o**2 + 45*o + 96. Give n(-9).
-66
Let a(p) = -p**3 + 70*p**2 - 70*p + 106. Determine a(69).
37
Let m(l) = -l**2 - 13*l - 28. Determine m(-8).
12
Let q(u) = u**3 - 12*u**2 - 15*u + 161. Give q(10).
-189
Let q(u) = -u**3 - 29*u**2 + 62*u - 25. Give q(-31).
-25
Let s(l) = -l**3 + 248*l**2 + 516*l - 4008. Determine s(250).
-8
Let z(l) = 2*l**2 + 64*l - 295. What is z(4)?
-7
Let d(b) = b*